 -18 - (2 - (-66 - 1) - (6 + -5))
-63
What is the value of -42 + (49 - 23) + 25 - 29?
-20
What is the value of (-83 - -92) + (2 - (-9 + -1))?
21
-9 + 15 + -22 + 152 + 9 + -21
124
Evaluate -16 + (0 - -5 - (-171 + 180)) + (-4 - -10).
-14
Evaluate 7 - ((69 - 38) + -74 + 23).
27
What is the value of (4 + -28 - 8) + 35?
3
Evaluate -20 + -32 - -100 - 64.
-16
Evaluate (-73 - -26 - -46) + (5 - 2) - -143 - 13.
132
What is the value of -12 + -3 + 170 + -33 + -6?
116
Calculate 28 + -2 + (-7229 - -7123).
-80
Calculate 51 - (6 + 27 - -10).
8
Calculate -167 - (-174 + (85 - 5)).
-73
(28 - 40) + 13 + 17 + 22
40
-50 + -38 + 62 + 61
35
12 + (4 - -46) - ((-20 - -35) + -31)
78
What is (25 - 41) + 29 - 0?
13
Evaluate 4 - 61 - (-31 - -38).
-64
What is the value of (-7 - (20 + 10 + -49)) + 72 + 4?
88
Evaluate -18 + (14 + 3 - (26 - -15)).
-42
183 + -189 + -8 + 4 + -1 + 10
-1
What is the value of 5 + 1 + -3 + 1 - (-53 + 53 + -13)?
17
Evaluate -66 - ((228 - 225) + (6 - -2 - 0) + -1).
-76
Evaluate -5 - 3 - (-2 - (11 + -7 + 4 + -6)).
-4
Evaluate 1 + (2 - -1) + (-46 - -1) + 130 + -123.
-34
Calculate 35 + (-46 - 42) - (11 - -33).
-97
Calculate -13 + 19 + -3 + -1 - 22 - (7 - 1).
-26
What is the value of -1 + -2 - 31 - (-10669 + 10649)?
-14
What is -953 + 883 + 8 + 1 + -5?
-66
What is -66 + (-55 - -85) - -74?
38
Calculate 29 - 133 - -72 - 94.
-126
(-80 + 114 - -2) + -27
9
What is (-1 - -1 - -24) + -2162 + 2132?
-6
What is 285 - (91 - (-35 + -39))?
120
Evaluate 13 + -42 - 28 - -53.
-4
What is -26 - (3 + (-16 - -4) + (-54 - -66))?
-29
What is the value of -79 - (-97 - (-55 - -73))?
36
(5 - (6 + 109)) + (-35 - 15) + 71
-89
Calculate 8 + -50 - (5 + 1 + -5 - (-8 - -3)).
-48
Calculate -2 - (22 + (-22 - -19 - 20)).
-1
1001 + -1011 - (-45 + -2)
37
(11 + (52 - 56) - (57 - 0)) + 14
-36
(-27 - (-5 + 6)) + (-1 - (19 - 42) - 13)
-19
What is the value of 25 - 22 - 0 - ((-5 - -10) + -4 + -43)?
45
Calculate (-79 - (-81 - -6)) + -18 + (-1 - -6).
-17
549 + -679 + (242 - 6)
106
What is -3 + (-18 + 1 + (-8 - -8) - 44)?
-64
What is 0 + -13 - (2 - (-57 + 45 - -74))?
47
What is 66 + (2 - ((-1 - 0) + 4) - -8)?
73
What is -57 + (0 - -5) - (-13 + (20 + -4 - 16))?
-39
Calculate (-49 - 113) + 219 + (-1 - 0) + 1 + 5.
62
Evaluate 13 - 0 - (98 - (-4 + -13 + (-7 - -14))).
-95
Evaluate 14 + (-4 + 0 - -52) + (17 - 15).
64
What is (58 - 5 - 97) + 79?
35
Evaluate 55 - (-58 - -121 - -21).
-29
Calculate (35 + -15 + -5 - 8) + -18 - -10.
-1
What is the value of (-35 - -2) + 397 + -396 + 122?
90
Evaluate 115 + -112 + (-7 - (8 + 5 + -21)).
4
Calculate -12 - -11 - (31 - -3).
-35
What is (-150 - -148) + (45 - (11 - -2))?
30
Calculate -71 + (-89 + 20 - -196).
56
-5 + (14 + (1 + -4 - 1) - -5)
10
Calculate (-2 - -35 - -7) + -105 + -29.
-94
What is -72 + (0 - -50) + (153 - 182)?
-51
29 + -15 + 10 + (3 - (-1 + 2 + -7))
33
Evaluate (12 + -14 - 3) + 23 - 6.
12
Calculate 9 - (-7 + 3 - -7 - 6 - (1 - -74)).
87
20 - (-16 - -24) - (74 - (18 - 9))
-53
What is (-2 - 11) + (1 + -19 - (-239 - -223) - 8)?
-23
(-12 - -3) + 1 - (68 - (0 - -55))
-21
What is the value of (-62 - 1) + (16 - (3 - -1 - (-449 - -449)))?
-51
What is the value of (969 - 915) + -14 + 4?
44
17 + 73 + -13 - 19
58
Evaluate 49 + -56 + 27 - 39.
-19
-4 - (0 + -1 + (-10 - (-12 - (-5 + -102))))
102
Calculate (22 - -77) + 1 + -10 - (3 + -11).
98
51 + -2 + 11 + (5 - -81 - 74)
72
What is the value of -100 - (-10 + 5 + -5 + 537 + -523)?
-104
8 - (7 + -5 + (15 - 6))
-3
Evaluate -172 + 57 - (-7 + (0 - (-1 + -6)) + 0).
-115
(3 - -60) + -7 - ((-19 - 3) + 11 + -3)
70
What is 2 + (2 - (14 - (14 - -48))) - -1?
53
What is -10 + -16 + 48 + (17 - 120)?
-81
Evaluate 109 + -90 - (98 + 5).
-84
Evaluate 17 - (5 - (-11 - (65 - (18 + -30)))).
-76
What is -6 - -15 - (-125 - -181)?
-47
What is the value of 5 + (-12 - 1) + (-6 + -4 - -1)?
-17
What is (-41 - -1) + (-25 - -85) + -51?
-31
(24 + -8 - 30) + 8 - (-2 - -20)
-24
What is 49 - (6 - ((10 - (0 + -4 - -2)) + -3))?
52
Evaluate 1 + 0 + (41 - 3 - (-115 - -115)).
39
Evaluate 20 - 15 - (-4 - 20) - 4 - -8.
33
Evaluate 98 + 2 + 6 - 21 - 18.
67
-19 + (11 - (-25 + 12)) + 3 - 10
-2
Calculate -8 + (18 - (41 + -21)) - -66.
56
Evaluate (20 - -17) + -89 + 43.
-9
What is -3 + 25 - (64 - -45 - 52)?
-35
Evaluate -32 - (-1 - -3 - -17 - 37).
-14
(91 - -1 - (2149 - 2166)) + -16
93
Evaluate -101 - (9 + -15) - (-70 - -45).
-70
What is the value of 16 - 27 - -5 - -40?
34
What is the value of (75 - ((31 - (8 + -9)) + -12)) + 16?
71
1 + 6 + (8 - (-14 + 12)) + 10 + 8
35
Calculate 0 + -90 + (10 - (17 + -12)) - (453 - 439).
-99
What is the value of (12 - (-17 - (-21 + -2))) + 5?
11
12 + -71 - (-49 + 22 + 61)
-93
What is (-89 - -27) + 54 + -13?
-21
Calculate (-16 + 22 - -2) + 3 + (2 - 1 - 87).
-75
Calculate 2 + (12 - (3 + (13 - 5))) - (75 + 11).
-83
Calculate 19 + 5 - (64 + 30 - 35).
-35
What is -10 - (3 + (26 - (25 + 14)))?
0
Calculate ((-9 - 2) + 26 - 8 - -10) + -26.
-9
Calculate (95 - (72 - 16)) + (-2 - (-5 - 2)).
44
Calculate -81 + -49 + (147 - 52).
-35
Calculate -21 - ((-229 - -208) + 1 + -38).
37
13 - (-41 + 70) - (-121 - (8 + -4))
109
Evaluate 62 - (24 - 6) - 159.
-115
Evaluate 31 + (32 - (13 - -26)) - 113.
-89
-22 - (-22 + -15 + 36)
-21
-3 + 2 + (76 + -5 - 93)
-23
What is the value of 122 + -91 + -101 + 8?
-62
What is the value of (1 - 30) + (-3 - ((-10 - 0) + -2))?
-20
What is the value of -15 + 28 + -28 + (0 - -3) + 13?
1
What is 12 + -2 - 6 - ((2 - 8) + 1 - -50)?
-41
9 - ((65 - 43) + (-6 - -10))
-17
Calculate (6 + -1 - 4) + (-10 - (13 - (11 + 3))).
-8
What is the value of (-29 - (-43 - 0)) + -12?
2
Calculate (-27 - 37) + (0 - (-2 + (8 - 15))).
-55
-120 - 112 - -91 - -110
-31
Calculate -1329 - -1281 - (5 + -42).
-11
What is -24 - (-45 - -24 - -1 - -7)?
-11
Calculate 1 + 3 + 7 - 11 - (25 + (4 - 4)).
-25
54 + 0 + 1 + -9 + (20 - 2) + -7
57
What is 6 + -1 + 5 + (41 + -15 - 35)?
1
What is the value of 13 - (1 - (-6 + 17 + -63 + 4))?
-36
Calculate 3 + (-1 - 8) + -6 + (-20 - -29 - 92).
-95
(-98 - -51 - -94) + -59
-12
Calculate (-956 - -946) + (-132 + 10 - -1).
-131
Calculate 14 + -1 + (51 - -22) + -43.
43
What is -54 + -19 + (16 - (-12 + -4) - 18)?
-59
-12 + (10 - (27 + (-7 - 1)) - -10) + 5
-6
What is the value of -4 + (6 - 23) + 34 - (26 - 1)?
-12
Calculate -98 + (-55 - (-298 + 90)).
55
Calculate -1 + 67 - (-116 + 212).
-30
What is 9 + (-4 - -2 - -21 - (81 + -74) - -122)?
143
-5 - -7 - (-45 - (-5 - 5))
37
-19 + -8 + 10 + (-26 - (-12 + -60))
29
Evaluate 78 - 77 - ((-23 + 21 - (-3 - 0)) + -99).
99
Evaluate 31 + (-15 - ((0 - 6) + (25 - 58) + 39)).
16
Evaluate -31 + (-3 - (-3 - -3 - -9)) - -9.
-34
What is -30 - -30 - (-10 + 25 + 1)?
-16
What is the value of 31 + -22 + -1 - (7 + -17)?
18
What is 18 + (-18 - (13 - (14 + 10)))?
11
What is the value of 10 - (-14 - 18) - -12?
54
Evaluate (119 - 51) + 36 - 56.
48
What is the value of 35 - (-29 + 84 - -61)?
-81
Evaluate -4 + (676 - 653) + (-1 - 21) + -22.
-25
Evaluate -4555 + 4678 + (-65 - -1).
59
What is 34 - (-68 + (9 - 2 - -23))?
72
Evaluate (5 - 13) + -3 - -43.
32
-10 + 23 - 4 - 13 - -33
29
-47 + (-26 - -21 - -29)
-23
What is -2 - (21 - 8 - 10 - (48 - 3))?
40
What is the value of -11 + 12 + 29 - 24 - (43 - (-1 + 2))?
-36
-69 + (2 - 6) + (110 - 80 - 49)
-92
(8 - -2) + -14 + -18 + 16 + 7
1
43 + 68 + -166 + 94
39
Calculate -23 + (-8 - (21 + -10) - -19).
-23
Evaluate 168 + -156 - (-36 - -14).
34
Evaluate 4295 + -4280 + (-5 - -6) + -56 + -1.
-41
-4 + (30 - -10) + 1 + 15
52
What is the value of -141 - (2 + 21 + (-37 - 7)) - 6?
-126
What is the value of (14 - (8 + 96 - 23)) + 34?
-33
Evaluate 4 + (-2 - (1 - -48)) + (-40 - (-19 - 26)).
-42
What is 8 + (2 - ((2 + -5 - -10) + 6))?
-3
What is ((-21 - -19) + -4 - -9) + (3 - -36)?
42
What is the value of (-12 - -17) + (-20 - -61) + -111?
-65
Evaluate (-89 - -79) + 22 + 14 + -1.
25
Calculate 13 + (-9 + (0 - 3) - (-141 + 135) - -13).
20
Calculate -1 + (47 - 63 - 25).
-42
What is the value of -1 + -16 - (60 - (-19 - 19 - -30))?
-85
Evaluate -8 + (61 + (10 - 43) - 7).
13
What is 48 + (8 - (-16 + 22)) + 16?
66
Calculate (20 + -23 - (-69 + 75)) + -2 + (52 - -2).
43
What is -52 - -51 - -34 - (-14 + -5)?
52
What is (-6 - (2 - 1)) + -30 + (38 - 30)?
-29
What is the value of -16 - ((-42 - -20) + 33 + 18)?
-45
What is -805 + 688 - (7 - 89)?
-35
Evaluate (-41 - -56) + 4 + -4 + 3 + 13.
31
Wh